{"id":8768,"date":"2026-03-27T15:22:05","date_gmt":"2026-03-27T15:22:05","guid":{"rendered":"https:\/\/electrobennjima.tn\/?post_type=product&#038;p=8768"},"modified":"2026-03-27T15:22:05","modified_gmt":"2026-03-27T15:22:05","slug":"frigo-mont-blanc-300l-noir","status":"publish","type":"product","link":"https:\/\/electrobennjima.tn\/en\/frigo-mont-blanc-300l-noir\/","title":{"rendered":"FRIGO MONT BLANC \/ 300L &#8211; NOIR"},"content":{"rendered":"<table id=\"product-attribute-specs-table\" class=\"data table additional-attributes\">\n<tbody>\n<tr>\n<th class=\"col label\" scope=\"row\">R\u00e9f\u00e9rence<\/th>\n<td class=\"col data\" data-th=\"gtin\">FGMBFNR30<\/td>\n<\/tr>\n<tr>\n<th class=\"col label\" scope=\"row\">Marque<\/th>\n<td class=\"col data\" data-th=\"Marque\">MONT BLNAC<\/td>\n<\/tr>\n<tr>\n<th class=\"col label\" scope=\"row\">Type de Pose<\/th>\n<td class=\"col data\" data-th=\"Type de Pose\">Pose Libre<\/td>\n<\/tr>\n<tr>\n<th class=\"col label\" scope=\"row\">Garantie<\/th>\n<td class=\"col data\" data-th=\"Type\">1 ans<\/td>\n<\/tr>\n<tr>\n<th class=\"col label\" scope=\"row\">Couleur<\/th>\n<td class=\"col data\" data-th=\"Syst\u00e8me de Refroidissement\">Noir<\/td>\n<\/tr>\n<tr>\n<th class=\"col label\" scope=\"row\">Syst\u00e8me de refroidissement<\/th>\n<td class=\"col data\" data-th=\"Inverter\">Defrost<\/td>\n<\/tr>\n<tr>\n<th class=\"col label\" scope=\"row\">Type de R\u00e9frig\u00e9rateur<\/th>\n<td class=\"col data\" data-th=\"Classe \u00c9nerg\u00e9tique\">Double portes<\/td>\n<\/tr>\n<tr>\n<th class=\"col label\" scope=\"row\">Volume brut<\/th>\n<td class=\"col data\" data-th=\"Avec Distributeur\">300-400<\/td>\n<\/tr>\n<tr>\n<th class=\"col label\" scope=\"row\">Inverter<\/th>\n<td class=\"col data\" data-th=\"Afficheur \">Non<\/td>\n<\/tr>\n<tr>\n<th class=\"col label\" scope=\"row\">VAvec Distributeur<\/th>\n<td class=\"col data\" data-th=\"Volume Brut\">Non<\/td>\n<\/tr>\n<tr>\n<th class=\"col label\" scope=\"row\">Classe Energ\u00e9tique<\/th>\n<td class=\"col data\" data-th=\"Nombre de portes\">A++<\/td>\n<\/tr>\n<tr>\n<th class=\"col label\" scope=\"row\">Smart<\/th>\n<td class=\"col data\" data-th=\"Poids\">Non<\/td>\n<\/tr>\n<\/tbody>\n<\/table>","protected":false},"excerpt":{"rendered":"<p>R\u00e9f\u00e9rence FGMBFNR30 Marque MONT BLNAC Type de Pose Pose Libre Garantie 1 ans Couleur Noir Syst\u00e8me de refroidissement Defrost Type de R\u00e9frig\u00e9rateur Double portes Volume brut 300-400 Inverter Non VAvec Distributeur Non Classe Energ\u00e9tique A++ Smart Non<\/p>","protected":false},"featured_media":8769,"comment_status":"open","ping_status":"closed","template":"","meta":[],"product_brand":[23],"product_cat":[17,22],"product_tag":[],"class_list":{"0":"post-8768","1":"product","2":"type-product","3":"status-publish","4":"has-post-thumbnail","6":"product_brand-mont-blanc","7":"product_cat-electromenager","8":"product_cat-refrigerateurs","10":"first","11":"instock","12":"shipping-taxable","13":"purchasable","14":"product-type-simple"},"_links":{"self":[{"href":"https:\/\/electrobennjima.tn\/en\/wp-json\/wp\/v2\/product\/8768","targetHints":{"allow":["GET"]}}],"collection":[{"href":"https:\/\/electrobennjima.tn\/en\/wp-json\/wp\/v2\/product"}],"about":[{"href":"https:\/\/electrobennjima.tn\/en\/wp-json\/wp\/v2\/types\/product"}],"replies":[{"embeddable":true,"href":"https:\/\/electrobennjima.tn\/en\/wp-json\/wp\/v2\/comments?post=8768"}],"wp:featuredmedia":[{"embeddable":true,"href":"https:\/\/electrobennjima.tn\/en\/wp-json\/wp\/v2\/media\/8769"}],"wp:attachment":[{"href":"https:\/\/electrobennjima.tn\/en\/wp-json\/wp\/v2\/media?parent=8768"}],"wp:term":[{"taxonomy":"product_brand","embeddable":true,"href":"https:\/\/electrobennjima.tn\/en\/wp-json\/wp\/v2\/product_brand?post=8768"},{"taxonomy":"product_cat","embeddable":true,"href":"https:\/\/electrobennjima.tn\/en\/wp-json\/wp\/v2\/product_cat?post=8768"},{"taxonomy":"product_tag","embeddable":true,"href":"https:\/\/electrobennjima.tn\/en\/wp-json\/wp\/v2\/product_tag?post=8768"}],"curies":[{"name":"wp","href":"https:\/\/api.w.org\/{rel}","templated":true}]}}

<table id="product-attribute-specs-table" class="data table additional-attributes">
<tbody>
<tr>
<th class="col label" scope="row">Référence</th>
<td class="col data" data-th="gtin">FGMBFNR30</td>
</tr>
<tr>
<th class="col label" scope="row">Marque</th>
<td class="col data" data-th="Marque">MONT BLNAC</td>
</tr>
<tr>
<th class="col label" scope="row">Type de Pose</th>
<td class="col data" data-th="Type de Pose">Pose Libre</td>
</tr>
<tr>
<th class="col label" scope="row">Garantie</th>
<td class="col data" data-th="Type">1 ans</td>
</tr>
<tr>
<th class="col label" scope="row">Couleur</th>
<td class="col data" data-th="Système de Refroidissement">Noir</td>
</tr>
<tr>
<th class="col label" scope="row">Système de refroidissement</th>
<td class="col data" data-th="Inverter">Defrost</td>
</tr>
<tr>
<th class="col label" scope="row">Type de Réfrigérateur</th>
<td class="col data" data-th="Classe Énergétique">Double portes</td>
</tr>
<tr>
<th class="col label" scope="row">Volume brut</th>
<td class="col data" data-th="Avec Distributeur">300-400</td>
</tr>
<tr>
<th class="col label" scope="row">Inverter</th>
<td class="col data" data-th="Afficheur ">Non</td>
</tr>
<tr>
<th class="col label" scope="row">VAvec Distributeur</th>
<td class="col data" data-th="Volume Brut">Non</td>
</tr>
<tr>
<th class="col label" scope="row">Classe Energétique</th>
<td class="col data" data-th="Nombre de portes">A++</td>
</tr>
<tr>
<th class="col label" scope="row">Smart</th>
<td class="col data" data-th="Poids">Non</td>
</tr>
</tbody>
</table>

<p>Référence FGMBFNR30 Marque MONT BLNAC Type de Pose Pose Libre Garantie 1 ans Couleur Noir Système de refroidissement Defrost Type de Réfrigérateur Double portes Volume brut 300-400 Inverter Non VAvec Distributeur Non Classe Energétique A++ Smart Non</p>
