{"id":8904,"date":"2026-03-28T11:03:17","date_gmt":"2026-03-28T11:03:17","guid":{"rendered":"https:\/\/electrobennjima.tn\/?post_type=product&#038;p=8904"},"modified":"2026-03-30T08:18:51","modified_gmt":"2026-03-30T08:18:51","slug":"frigo-focus-combine-70-cm-silver-483l","status":"publish","type":"product","link":"https:\/\/electrobennjima.tn\/en\/frigo-focus-combine-70-cm-silver-483l\/","title":{"rendered":"FRIGO FOCUS COMBINE 70 CM \/ SILVER &#8211;  483L"},"content":{"rendered":"<table id=\"product-attribute-specs-table\" class=\"data table additional-attributes\">\n<tbody>\n<tr>\n<th class=\"col label\" scope=\"row\">R\u00e9f\u00e9rence<\/th>\n<td class=\"col data\" data-th=\"gtin\">F.4870X<\/td>\n<\/tr>\n<tr>\n<th class=\"col label\" scope=\"row\">Marque<\/th>\n<td class=\"col data\" data-th=\"Marque\">FOCUS<\/td>\n<\/tr>\n<tr>\n<th class=\"col label\" scope=\"row\">Type de Pose<\/th>\n<td class=\"col data\" data-th=\"Type de Pose\">Pose Libre<\/td>\n<\/tr>\n<tr>\n<th class=\"col label\" scope=\"row\">Type<\/th>\n<td class=\"col data\" data-th=\"Type\">Combin\u00e9<\/td>\n<\/tr>\n<tr>\n<th class=\"col label\" scope=\"row\">Syst\u00e8me de Refroidissement<\/th>\n<td class=\"col data\" data-th=\"Syst\u00e8me de Refroidissement\">NoFrost<\/td>\n<\/tr>\n<tr>\n<th class=\"col label\" scope=\"row\">Inverter<\/th>\n<td class=\"col data\" data-th=\"Inverter\">Non<\/td>\n<\/tr>\n<tr>\n<th class=\"col label\" scope=\"row\">Classe \u00c9nerg\u00e9tique<\/th>\n<td class=\"col data\" data-th=\"Classe \u00c9nerg\u00e9tique\">A++<\/td>\n<\/tr>\n<tr>\n<th class=\"col label\" scope=\"row\">Avec Distributeur<\/th>\n<td class=\"col data\" data-th=\"Avec Distributeur\">Non<\/td>\n<\/tr>\n<tr>\n<th class=\"col label\" scope=\"row\">Afficheur<\/th>\n<td class=\"col data\" data-th=\"Afficheur \">Sans Afficheur<\/td>\n<\/tr>\n<tr>\n<th class=\"col label\" scope=\"row\">Ecran<\/th>\n<td class=\"col data\" data-th=\"Ecran\">Autre<\/td>\n<\/tr>\n<tr>\n<th class=\"col label\" scope=\"row\">Volume Brut<\/th>\n<td class=\"col data\" data-th=\"Volume Brut\">401 &#8211; 500 Litres<\/td>\n<\/tr>\n<tr>\n<th class=\"col label\" scope=\"row\">Nombre de portes<\/th>\n<td class=\"col data\" data-th=\"Nombre de portes\">2 portes<\/td>\n<\/tr>\n<tr>\n<th class=\"col label\" scope=\"row\">Dimensions<\/th>\n<td class=\"col data\" data-th=\"Dimensions\">700 x 712 x 1860 mm<\/td>\n<\/tr>\n<tr>\n<th class=\"col label\" scope=\"row\">Couleur<\/th>\n<td class=\"col data\" data-th=\"Couleur\">Silver<\/td>\n<\/tr>\n<tr>\n<th class=\"col label\" scope=\"row\">Garantie<\/th>\n<td class=\"col data\" data-th=\"Garantie\">2 ans<\/td>\n<\/tr>\n<\/tbody>\n<\/table>","protected":false},"excerpt":{"rendered":"<p>R\u00e9f\u00e9rence F.4870X Marque FOCUS Type de Pose Pose Libre Type Combin\u00e9 Syst\u00e8me de Refroidissement NoFrost Inverter Non Classe \u00c9nerg\u00e9tique A++ Avec Distributeur Non Afficheur Sans Afficheur Ecran Autre Volume Brut 401 &#8211; 500 Litres Nombre de portes 2 portes Dimensions 700 x 712 x 1860 mm Couleur Silver Garantie 2 ans<\/p>","protected":false},"featured_media":8905,"comment_status":"open","ping_status":"closed","template":"","meta":[],"product_brand":[537],"product_cat":[19,22],"product_tag":[],"class_list":{"0":"post-8904","1":"product","2":"type-product","3":"status-publish","4":"has-post-thumbnail","6":"product_brand-focus-combine","7":"product_cat-refrigerateur","8":"product_cat-refrigerateurs","10":"first","11":"instock","12":"shipping-taxable","13":"purchasable","14":"product-type-simple"},"_links":{"self":[{"href":"https:\/\/electrobennjima.tn\/en\/wp-json\/wp\/v2\/product\/8904","targetHints":{"allow":["GET"]}}],"collection":[{"href":"https:\/\/electrobennjima.tn\/en\/wp-json\/wp\/v2\/product"}],"about":[{"href":"https:\/\/electrobennjima.tn\/en\/wp-json\/wp\/v2\/types\/product"}],"replies":[{"embeddable":true,"href":"https:\/\/electrobennjima.tn\/en\/wp-json\/wp\/v2\/comments?post=8904"}],"wp:featuredmedia":[{"embeddable":true,"href":"https:\/\/electrobennjima.tn\/en\/wp-json\/wp\/v2\/media\/8905"}],"wp:attachment":[{"href":"https:\/\/electrobennjima.tn\/en\/wp-json\/wp\/v2\/media?parent=8904"}],"wp:term":[{"taxonomy":"product_brand","embeddable":true,"href":"https:\/\/electrobennjima.tn\/en\/wp-json\/wp\/v2\/product_brand?post=8904"},{"taxonomy":"product_cat","embeddable":true,"href":"https:\/\/electrobennjima.tn\/en\/wp-json\/wp\/v2\/product_cat?post=8904"},{"taxonomy":"product_tag","embeddable":true,"href":"https:\/\/electrobennjima.tn\/en\/wp-json\/wp\/v2\/product_tag?post=8904"}],"curies":[{"name":"wp","href":"https:\/\/api.w.org\/{rel}","templated":true}]}}

<table id="product-attribute-specs-table" class="data table additional-attributes">
<tbody>
<tr>
<th class="col label" scope="row">Référence</th>
<td class="col data" data-th="gtin">F.4870X</td>
</tr>
<tr>
<th class="col label" scope="row">Marque</th>
<td class="col data" data-th="Marque">FOCUS</td>
</tr>
<tr>
<th class="col label" scope="row">Type de Pose</th>
<td class="col data" data-th="Type de Pose">Pose Libre</td>
</tr>
<tr>
<th class="col label" scope="row">Type</th>
<td class="col data" data-th="Type">Combiné</td>
</tr>
<tr>
<th class="col label" scope="row">Système de Refroidissement</th>
<td class="col data" data-th="Système de Refroidissement">NoFrost</td>
</tr>
<tr>
<th class="col label" scope="row">Inverter</th>
<td class="col data" data-th="Inverter">Non</td>
</tr>
<tr>
<th class="col label" scope="row">Classe Énergétique</th>
<td class="col data" data-th="Classe Énergétique">A++</td>
</tr>
<tr>
<th class="col label" scope="row">Avec Distributeur</th>
<td class="col data" data-th="Avec Distributeur">Non</td>
</tr>
<tr>
<th class="col label" scope="row">Afficheur</th>
<td class="col data" data-th="Afficheur ">Sans Afficheur</td>
</tr>
<tr>
<th class="col label" scope="row">Ecran</th>
<td class="col data" data-th="Ecran">Autre</td>
</tr>
<tr>
<th class="col label" scope="row">Volume Brut</th>
<td class="col data" data-th="Volume Brut">401 &#8211; 500 Litres</td>
</tr>
<tr>
<th class="col label" scope="row">Nombre de portes</th>
<td class="col data" data-th="Nombre de portes">2 portes</td>
</tr>
<tr>
<th class="col label" scope="row">Dimensions</th>
<td class="col data" data-th="Dimensions">700 x 712 x 1860 mm</td>
</tr>
<tr>
<th class="col label" scope="row">Couleur</th>
<td class="col data" data-th="Couleur">Silver</td>
</tr>
<tr>
<th class="col label" scope="row">Garantie</th>
<td class="col data" data-th="Garantie">2 ans</td>
</tr>
</tbody>
</table>

<p>Référence F.4870X Marque FOCUS Type de Pose Pose Libre Type Combiné Système de Refroidissement NoFrost Inverter Non Classe Énergétique A++ Avec Distributeur Non Afficheur Sans Afficheur Ecran Autre Volume Brut 401 &#8211; 500 Litres Nombre de portes 2 portes Dimensions 700 x 712 x 1860 mm Couleur Silver Garantie 2 ans</p>
